{"id":74,"date":"2020-02-02T18:59:50","date_gmt":"2020-02-02T18:59:50","guid":{"rendered":"http:\/\/www.parturikampaamosolina.fi\/?page_id=74"},"modified":"2026-04-21T14:53:36","modified_gmt":"2026-04-21T14:53:36","slug":"etusivu","status":"publish","type":"page","link":"http:\/\/www.parturikampaamosolina.fi\/","title":{"rendered":"Etusivu"},"content":{"rendered":"\n<h2 class=\"wp-block-heading has-text-align-center\">Tervetuloa Parturi-Kampaamo Solinan kotisivuille.<\/h2>\n\n\n\n<p><\/p>\n\n\n\n<p>Parturi-kampaamo Solinaa kuvaa sana konstailematon. Meille on t\u00e4rkeint\u00e4 tyytyv\u00e4iset asiakkaat vuodesta toiseen. <\/p>\n\n\n\n<p>Paneudumme pieteetill\u00e4 jokaiseen asiakas k\u00e4yntiin. Haluamme huomioida asiakkaan kokonaisuutena ja soveltaa yksil\u00f6llisesti tietoamme tehdess\u00e4mme hiustenmuotoilua ja v\u00e4rj\u00e4yst\u00e4 koskevia ehdotuksia sek\u00e4 valintoja. Positiivinen vuorovaikutus on meille l\u00e4hell\u00e4 syd\u00e4nt\u00e4.<\/p>\n\n\n\n<p>Toinen sana meist\u00e4 on ammattimaisuus. Yll\u00e4pid\u00e4mme ammattiamme kouluttautumalla kotimaassa ja ulkomailla vuosittain. Laadukas k\u00e4denj\u00e4lki ja tarkka v\u00e4risilm\u00e4 on meille kunnia asia. pid\u00e4mme haasteista ja l\u00f6yd\u00e4mme ratkaisuja mahdottomiinkiin pulmiin rautaisella kokemuksella.<\/p>\n\n\n\n<p>Ominta meille on tarkat ja tekniset leikkaukset, josta meid\u00e4t muistetaan varmasti.<\/p>\n\n\n\n<p>Teit\u00e4 palvelee:<\/p>\n\n\n\n<p>Sari Lahti-Hautam\u00e4ki <\/p>\n\n\n\n<div class=\"wp-block-columns is-layout-flex wp-container-6\">\n<div class=\"wp-block-column is-layout-flow\">\n<h2 class=\"wp-block-heading\"><\/h2>\n\n\n\n<figure class=\"wp-block-gallery has-nested-images columns-default is-cropped wp-block-gallery-1 is-layout-flex\"><\/figure>\n\n\n\n<figure class=\"wp-block-gallery has-nested-images columns-default is-cropped wp-block-gallery-3 is-layout-flex\">\n<figure class=\"wp-block-image size-large\"><img decoding=\"async\" loading=\"lazy\" width=\"768\" height=\"1024\" src=\"http:\/\/www.parturikampaamosolina.fi\/wp-content\/uploads\/2022\/09\/IMG_2641-768x1024.jpg\" alt=\"\" class=\"wp-image-182\" srcset=\"http:\/\/www.parturikampaamosolina.fi\/wp-content\/uploads\/2022\/09\/IMG_2641-768x1024.jpg 768w, http:\/\/www.parturikampaamosolina.fi\/wp-content\/uploads\/2022\/09\/IMG_2641-225x300.jpg 225w, http:\/\/www.parturikampaamosolina.fi\/wp-content\/uploads\/2022\/09\/IMG_2641-1152x1536.jpg 1152w, http:\/\/www.parturikampaamosolina.fi\/wp-content\/uploads\/2022\/09\/IMG_2641.jpg 1536w\" sizes=\"(max-width: 768px) 100vw, 768px\" \/><\/figure>\n\n\n\n<figure class=\"wp-block-image size-full\"><img decoding=\"async\" loading=\"lazy\" width=\"226\" height=\"320\" src=\"http:\/\/www.parturikampaamosolina.fi\/wp-content\/uploads\/2022\/09\/IMG_2639.jpg\" alt=\"\" class=\"wp-image-184\" srcset=\"http:\/\/www.parturikampaamosolina.fi\/wp-content\/uploads\/2022\/09\/IMG_2639.jpg 226w, http:\/\/www.parturikampaamosolina.fi\/wp-content\/uploads\/2022\/09\/IMG_2639-212x300.jpg 212w\" sizes=\"(max-width: 226px) 100vw, 226px\" \/><\/figure>\n<\/figure>\n<\/div>\n<\/div>\n\n\n\n<p class=\"has-text-align-center\">p. 040 528 3608<\/p>\n","protected":false},"excerpt":{"rendered":"<p>Tervetuloa Parturi-Kampaamo Solinan kotisivuille. Parturi-kampaamo Solinaa kuvaa sana konstailematon. Meille on t\u00e4rkeint\u00e4 tyytyv\u00e4iset asiakkaat vuodesta toiseen. Paneudumme pieteetill\u00e4 jokaiseen asiakas k\u00e4yntiin. Haluamme huomioida asiakkaan kokonaisuutena ja soveltaa yksil\u00f6llisesti tietoamme tehdess\u00e4mme hiustenmuotoilua ja v\u00e4rj\u00e4yst\u00e4 koskevia ehdotuksia sek\u00e4 valintoja. Positiivinen vuorovaikutus on meille l\u00e4hell\u00e4 syd\u00e4nt\u00e4. Toinen sana meist\u00e4 on ammattimaisuus. Yll\u00e4pid\u00e4mme ammattiamme kouluttautumalla kotimaassa ja ulkomailla vuosittain. [&hellip;]<\/p>\n","protected":false},"author":1,"featured_media":0,"parent":0,"menu_order":0,"comment_status":"closed","ping_status":"closed","template":"","meta":[],"_links":{"self":[{"href":"http:\/\/www.parturikampaamosolina.fi\/index.php\/wp-json\/wp\/v2\/pages\/74"}],"collection":[{"href":"http:\/\/www.parturikampaamosolina.fi\/index.php\/wp-json\/wp\/v2\/pages"}],"about":[{"href":"http:\/\/www.parturikampaamosolina.fi\/index.php\/wp-json\/wp\/v2\/types\/page"}],"author":[{"embeddable":true,"href":"http:\/\/www.parturikampaamosolina.fi\/index.php\/wp-json\/wp\/v2\/users\/1"}],"replies":[{"embeddable":true,"href":"http:\/\/www.parturikampaamosolina.fi\/index.php\/wp-json\/wp\/v2\/comments?post=74"}],"version-history":[{"count":37,"href":"http:\/\/www.parturikampaamosolina.fi\/index.php\/wp-json\/wp\/v2\/pages\/74\/revisions"}],"predecessor-version":[{"id":209,"href":"http:\/\/www.parturikampaamosolina.fi\/index.php\/wp-json\/wp\/v2\/pages\/74\/revisions\/209"}],"wp:attachment":[{"href":"http:\/\/www.parturikampaamosolina.fi\/index.php\/wp-json\/wp\/v2\/media?parent=74"}],"curies":[{"name":"wp","href":"https:\/\/api.w.org\/{rel}","templated":true}]}}

<h2 class="wp-block-heading has-text-align-center">Tervetuloa Parturi-Kampaamo Solinan kotisivuille.</h2>



<p></p>



<p>Parturi-kampaamo Solinaa kuvaa sana konstailematon. Meille on tärkeintä tyytyväiset asiakkaat vuodesta toiseen. </p>



<p>Paneudumme pieteetillä jokaiseen asiakas käyntiin. Haluamme huomioida asiakkaan kokonaisuutena ja soveltaa yksilöllisesti tietoamme tehdessämme hiustenmuotoilua ja värjäystä koskevia ehdotuksia sekä valintoja. Positiivinen vuorovaikutus on meille lähellä sydäntä.</p>



<p>Toinen sana meistä on ammattimaisuus. Ylläpidämme ammattiamme kouluttautumalla kotimaassa ja ulkomailla vuosittain. Laadukas kädenjälki ja tarkka värisilmä on meille kunnia asia. pidämme haasteista ja löydämme ratkaisuja mahdottomiinkiin pulmiin rautaisella kokemuksella.</p>



<p>Ominta meille on tarkat ja tekniset leikkaukset, josta meidät muistetaan varmasti.</p>



<p>Teitä palvelee:</p>



<p>Sari Lahti-Hautamäki </p>



<div class="wp-block-columns is-layout-flex wp-container-6">
<div class="wp-block-column is-layout-flow">
<h2 class="wp-block-heading"></h2>



<figure class="wp-block-gallery has-nested-images columns-default is-cropped wp-block-gallery-1 is-layout-flex"></figure>



<figure class="wp-block-gallery has-nested-images columns-default is-cropped wp-block-gallery-3 is-layout-flex">
<figure class="wp-block-image size-large"><img decoding="async" loading="lazy" width="768" height="1024" src="http://www.parturikampaamosolina.fi/wp-content/uploads/2022/09/IMG_2641-768x1024.jpg" alt="" class="wp-image-182" srcset="http://www.parturikampaamosolina.fi/wp-content/uploads/2022/09/IMG_2641-768x1024.jpg 768w, http://www.parturikampaamosolina.fi/wp-content/uploads/2022/09/IMG_2641-225x300.jpg 225w, http://www.parturikampaamosolina.fi/wp-content/uploads/2022/09/IMG_2641-1152x1536.jpg 1152w, http://www.parturikampaamosolina.fi/wp-content/uploads/2022/09/IMG_2641.jpg 1536w" sizes="(max-width: 768px) 100vw, 768px" /></figure>



<figure class="wp-block-image size-full"><img decoding="async" loading="lazy" width="226" height="320" src="http://www.parturikampaamosolina.fi/wp-content/uploads/2022/09/IMG_2639.jpg" alt="" class="wp-image-184" srcset="http://www.parturikampaamosolina.fi/wp-content/uploads/2022/09/IMG_2639.jpg 226w, http://www.parturikampaamosolina.fi/wp-content/uploads/2022/09/IMG_2639-212x300.jpg 212w" sizes="(max-width: 226px) 100vw, 226px" /></figure>
</figure>
</div>
</div>



<p class="has-text-align-center">p. 040 528 3608</p>

<p>Tervetuloa Parturi-Kampaamo Solinan kotisivuille. Parturi-kampaamo Solinaa kuvaa sana konstailematon. Meille on tärkeintä tyytyväiset asiakkaat vuodesta toiseen. Paneudumme pieteetillä jokaiseen asiakas käyntiin. Haluamme huomioida asiakkaan kokonaisuutena ja soveltaa yksilöllisesti tietoamme tehdessämme hiustenmuotoilua ja värjäystä koskevia ehdotuksia sekä valintoja. Positiivinen vuorovaikutus on meille lähellä sydäntä. Toinen sana meistä on ammattimaisuus. Ylläpidämme ammattiamme kouluttautumalla kotimaassa ja ulkomailla vuosittain. [&hellip;]</p>
